se
Let n = 26 - 18. Suppose -n*q - 381 = -11*q. Is q a composite number?
False
Suppose -4*m + 10*d + 217008 = 11*d, -5*d - 216984 = -4*m. Is m prime?
True
Let u(v) = 5*v**3 + 4*v**2 - 4*v + 2. Suppose 2*z + y = -2 + 5, y - 9 = -4*z. Let g be u(z). Suppose 0 = f - 2 - g. Is f a prime number?
True
Is (-26551)/14*(144/(-9))/8 a composite number?
False
Suppose -4*j - 3*i - 3 = -2*j, 0 = 5*j + i - 25. Suppose 3*a - 489 = -3*p, 2*p - 636 = -4*a + j*p. Is a a prime number?
False
Suppose y - 5*y = -5*i - 3572, 2*i + y + 1421 = 0. Let d be i/(-10) - (-7)/(-35). Let j = d + -40. Is j composite?
False
Suppose o = 3*k - 2*o - 12, -5*k - o = -44. Suppose k*u - 5*u - 4569 = 0. Is u composite?
False
Let i be (8/5)/(-4) + 4/10. Suppose 16*x - 17*x + 2897 = i. Is x composite?
False
Let d be 71601/9 + 4*(-2)/(-24). Let m = d + -4793. Is m a prime number?
True
Let k(r) = 3*r - 1 + 5 - 2 - 9*r**3 + 5*r**3 + 4*r**2. Is k(-5) a prime number?
True
Suppose f - 26992 = -7*i + 5*i, -5*i - 2*f + 67479 = 0. Is i a composite number?
True
Suppose 24 = m + 3*w, -2*m = 3*w - w - 32. Let f be (3 - (-16)/(-6))*m. Suppose 0 = -f*i - 3*k + 373, -6*i + k + 393 = -2*i. Is i composite?
False
Let d(s) = 50*s - 1. Let c(w) = -50*w + 1. Let i(h) = 5*c(h) + 6*d(h). Is i(12) prime?
True
Suppose 2*d - 452 + 96 = 0. Let z = 923 - d. Is z a prime number?
False
Let t(f) = 720*f**3 - f. Is t(2) composite?
True
Let g(i) = -943*i + 8. Let a be g(-2). Suppose 0 = 3*o + 2*b - a + 357, -10 = -2*b. Is o a prime number?
True
Suppose 10 = -s + 16. Is 1/3 + 11032/s a prime number?
False
Let y(z) = 83*z**2 - 16*z + 57. Is y(10) a prime number?
False
Let y be 70 + -4 - (5 - (7 + -4)). Suppose -w - 28 = 2*n + 3*n, 0 = 5*n - 4*w + 13. Let p = y + n. Is p prime?
True
Let r(z) = -3*z**3 + 2*z**2 - z - 3. Let j be r(-3). Suppose -5*s - 3*h - 88 = 63, 3*s + j = h. Is s/176 + 607/11 a prime number?
False
Suppose 8*q = 12*q - 100. Let b = q + 61. Is b a composite number?
True
Let r(k) = 29*k**3 + 4*k**2 + 4*k + 3. Let g be r(-2). Let v = 160 - g. Is v a composite number?
True
Suppose 0*z - 268700 = -20*z. Is z composite?
True
Suppose -2*g - g - 4*t = -1840, 5*t = 5*g - 3020. Let k be -1 - (419 - (-1 - 0)). Let b = k + g. Is b a composite number?
True
Is (84/(-18))/(-1 + (-8571)/(-8577)) a prime number?
False
Let j be 1*191 - (-5 - -2). Suppose -y - 6 = -3*y. Suppose -2269 = -y*z + j. Is z a prime number?
True
Let u = 5 + -15. Let b = 12 + u. Suppose 3 = b*k - 25. Is k a prime number?
False
Let l = 2840 - -1287. Suppose 9*b - 1210 = l. Is b prime?
True
Let k(m) = 638*m - 155. Is k(23) composite?
False
Suppose -3*d = -2*d - 11. Let z = d + -9. Suppose 0 = 5*t - z*m - 443, 0 = -t + 6*m - 4*m + 87. Is t a prime number?
True
Let w(v) be the second derivative of v**4/12 + v**3/2 + 7*v**2/2 + 2*v. Suppose 0 = 4*t + 1 + 11. Is w(t) prime?
True
Let n = -110 - -312. Suppose -20 = 5*j, -5*j + n = 3*a - 87. Is a a composite number?
False
Let k = -31620 + 54131. Is k a composite number?
False
Let n(c) = -24*c - 1. Let t(b) = -4*b + 4. Let o be t(4). Is n(o) a composite number?
True
Let x(b) = -b**3 - 6*b**2 - 2*b + 2. Suppose 2*k + 20 = -2*k - o, 8 = -2*k - o. Let d be x(k). Suppose 49 = u + d. Is u composite?
True
Let q(t) = -t + 6. Let z be q(12). Is (-4 + 274/z)*-6 a prime number?
False
Let f be -1 + -1 - (2 - 1679). Suppose -5 - 6 = -2*j - a, 5*a - 5 = 0. Suppose 4*v + p - 1332 = -p, -5*v - j*p = -f. Is v a prime number?
True
Suppose 4 = 4*c + 52. Is (-6)/c*(-50)/(2 + -3) a prime number?
False
Let m(b) = -b**2 + 2*b + 82. Let z be 0/((3 - 2)*-2). Is m(z) composite?
True
Suppose -3 = -v + 1. Suppose 5*h = -n - 4*n + 65, 5*n - 56 = -v*h. Suppose -a = -3*r - h - 154, 833 = 5*a + 3*r. Is a prime?
False
Suppose 4*f - 2*f = o - 13899, -f + 41704 = 3*o. Is o a composite number?
False
Suppose 3*n = 6, -3*g + 3*n = g - 21078. Suppose -4*i = -i - g. Is i prime?
False
Let g(x) = -3*x**3 - 9*x**2 + 7*x + 6. Let n be g(-11). Suppose 3*o - n = 4760. Is o composite?
False
Suppose 3*f - f = 18. Let y = f + -9. Suppose -5*q + 595 = -y*q. Is q composite?
True
Is 2/7 + (-100596)/(-28) a composite number?
False
Let l be (-4)/18 + (-166)/(-18). Let u = 72 - l. Suppose 28 = 2*v - 2*j, 5*j - 2*j = -4*v + u. Is v a composite number?
True
Is (1/(-4))/(-6*(-13)/(-5369832)) a prime number?
False
Let r(h) = -2*h + 3. Let y be r(3). Let b(o) = 133*o - 9. Let z be b(y). Let p = -249 - z. Is p prime?
False
Let v = -1 + -6. Let s = v + 305. Is s a prime number?
False
Let h(o) = -149*o - 29. Suppose 2*j + 156 = 140. Is h(j) a composite number?
False
Let t be 1/(72/69 + -1). Let p = t + -16. Suppose p*u - 4*u = 249. Is u a prime number?
True
Let j be 4/10 - 32/(-20). Suppose 0 = -4*t + j + 10. Is (t + -4)/((-2)/282) a prime number?
False
Let g be (-9)/5*(-5)/3. Suppose -4*r = -2*y - 2, 3*r - g*y - 1 = -2*y. Suppose 2*x + 5*x - 322 = r. Is x composite?
True
Let l be -7 - -4 - 22/(-2). Let u be (236/l)/(3/6). Suppose 3*o = 163 + u. Is o a composite number?
True
Let z(b) = -b**3 - 3*b**2 - 4*b + 11. Let a be z(-5). Suppose 3*p = -k + a, 96 = 2*k - 4*p - 86. Is k a prime number?
False
Let v be (-2)/7 + 1409/7. Suppose 0 = -8*z + 647 + 2121. Let i = z - v. Is i a composite number?
True
Let a(h) = h**2 - 8*h + 4. Let x be a(8). Suppose 3*b - 168 = -5*v + 20, x*v + b = 149. Is (15/3)/(1/v) prime?
False
Let p(n) be the third derivative of -41*n**4/24 + 13*n**3/6 + 2*n**2. Let h be p(-6). Let v = 462 - h. Is v a prime number?
False
Let h = -1 + 6. Suppose 0 = -2*m - o + 1, -40 = -5*m + 4*o - h. Suppose -p = -2*l + 585, -m*l - l + 1177 = 5*p. Is l composite?
False
Let k be 71 + 3 + -4 + 0. Is (k/20)/(1/2) composite?
False
Suppose 81*k - 83*k = -3386. Is k composite?
False
Let q(f) = -f**3 - 16*f**2 - 7*f - 9. Let a be q(-16). Let l = a - 18. Is l composite?
True
Suppose 10*p - 122048 = 73722. Is p a prime number?
True
Suppose 10*d - 3*d = -65296. Is (d/24 + 8)/((-4)/6) a prime number?
True
Let n(h) = 4*h + 1924. Let o be n(0). Let m = o - 1293. Is m a composite number?
False
Let t(a) = a**2 - 3. Let f be t(-3). Suppose f*k = k + 6805. Is k prime?
True
Let h(d) = 6*d**3 - 138*d**2 - 64*d + 51. Is h(28) prime?
False
Is 4/(-3)*3708/(-48) a composite number?
False
Let s = -45 - -519. Let a = s + 415. Is a composite?
True
Let f be 0 + (1 - -1) - -9. Let r(p) = 0 + 4*p - 7*p**2 + 6*p**2 + f*p**3 + 1 - 7*p. Is r(2) a prime number?
True
Let s be (-10)/(-3)*3/5. Suppose -r - 14380 = -5*w - 4218, -5*w = -s*r - 10159. Is w composite?
True
Let g(l) = 10*l**3 - 7*l**2 - 7*l + 10. Let r be g(6). Let i = 3285 - r. Is i composite?
False
Let u(j) be the third derivative of j**5/30 - 2*j**3/3 - 8*j**2. Let i be u(2). Suppose 0 = -q - 3*f + 1097, i*q - 5334 + 946 = 2*f. Is q composite?
False
Suppose 436 = k + 5*o, k - 872 = -k - 3*o. Let q(i) = 2*i**3 + 4*i**2 + 11. Let v be q(5). Let r = v + k. Is r a composite number?
False
Let x(r) = -r**3 - r - 4. Let s(n) = 3*n**3 - n**2 + n + 9. Let t(d) = -2*s(d) - 5*x(d). Let z be t(3). Is 1 - 5*(-44 + z) composite?
False
Let p(m) = 2732*m + 213. Is p(5) prime?
True
Suppose -3*d = 5*j + 4, 3*d - j - 8 = -0*j. Suppose 0 = 2*z - 2*n - 308, -4*n + n - 304 = -d*z. Is z composite?
True
Let j(t) = -t**2 - 10. Let z be j(0). Let m = 27 + z. Is -1 + 4 + 231 + m prime?
True
Suppose -6*k + 12922 = 4*v - 27256, 5*v = k + 50180. Is v prime?
True
Suppose z = 4*l + 21, -4*z + 2*l = -0*l - 28. Suppose 0 = -z*b + 2800 + 1935. Is b a composite number?
False
Is 3633/6*((-3 - -13) + -8) prime?
False
Suppose 35*q - 30*q = 0, -4*q - 18897 = -3*d. Is d composite?
False
Let l(w) = -203*w**2 + w - 6. Let d(i) = 507*i**2 - 3*i + 15. Let r(q) = 5*d(q) + 12*l(q). Let s be 2/(-5)*(-1 - 0 - 4). Is r(s) prime?
False
Suppose 2*t - 87 = -7. Suppose -4*c = -0*c - r - 294, r - 71 = -c. Let o = c - t. Is o composite?
True
Let u be ((-1)/(-3))/((-1)/(-6021)). Suppose 2177 = 2*w + 3*r, 0 = 4*w - 3*r - u - 2302. Is w prime?
False
Let z(m) = -40 + 40 - m. Let f be z(3). Is ((-47)/f)/(2/30) a composite number?
True
Is (-4)/18 - (152806/(-18) + -12) composite?
False
Is 2*45/(-60)*3514/(-3) composite?
True
Suppose 3*v - 31621 = -z, 0 = 3*z - 0*v - v - 94883. Is z a prime number?
True
Suppose 3*k + 9494 = m, -5*k - 163 = -158. Is m composite?
False
Suppose 0 = -3*v + t + 1943,